{"id":493,"date":"2016-03-27T17:01:53","date_gmt":"2016-03-27T17:01:53","guid":{"rendered":"http:\/\/www.linkwebsrl.it\/wordpress\/?page_id=493"},"modified":"2022-02-05T15:59:51","modified_gmt":"2022-02-05T14:59:51","slug":"armi-magiche","status":"publish","type":"page","link":"https:\/\/www.zhi.it\/portalnew\/wikizhi\/oggetti\/lootabili\/armi-magiche\/","title":{"rendered":"Armi Magiche"},"content":{"rendered":"<p>Le tipologie di armi ritrovabili nei loot sono armi del tipo danno maggiorato: <strong>Power<\/strong>, <strong>Vanquishing<\/strong> e <strong>Devastation<\/strong>.<\/p>\n<p>E&#8217; possibile inoltre trovare armi magiche con alcune propriet\u00e0 aggiuntive:<\/p>\n<ul>\n<li><strong>Mystical<\/strong>: armi che permettono il casting con arma in mano;<\/li>\n<li><strong>Swift<\/strong>: armi con pi\u00f9 velocit\u00e0 di attacco;<\/li>\n<li><strong>Stygian<\/strong>: somma delle propriet\u00e0 suddette;<\/li>\n<li><strong>Poisoned<\/strong>: armi permapoisoned.<\/li>\n<\/ul>\n<p>Difficile ma non impossibile \u00e8 anche il ritrovamento di armi con ulteriori propriet\u00e0 secondarie come <strong>Durable<\/strong> (hp maggiorati), con resistenze elementali, bonus magici di altro genere ed anche armi magiche che alzino la skill combattiva relativa.<\/p>\n<p style=\"text-align: center;\">BONUS HP<\/p>\n<table style=\"margin-left: auto; margin-right: auto;\" border=\"1\">\n<tbody>\n<tr>\n<td style=\"text-align: center;\">Prefisso<\/td>\n<td style=\"text-align: center;\">Incremento<\/td>\n<td style=\"text-align: center;\">Prefisso<\/td>\n<td style=\"text-align: center;\">Decremento<\/td>\n<\/tr>\n<tr>\n<td style=\"text-align: center;\">Durable<\/td>\n<td style=\"text-align: center;\">+1<\/td>\n<td style=\"text-align: center;\">Chipped<\/td>\n<td style=\"text-align: center;\">-1<\/td>\n<\/tr>\n<tr>\n<td style=\"text-align: center;\">Substantial<\/td>\n<td style=\"text-align: center;\">+2<\/td>\n<td style=\"text-align: center;\">Flimsy<\/td>\n<td style=\"text-align: center;\">-2<\/td>\n<\/tr>\n<tr>\n<td style=\"text-align: center;\">Massive<\/td>\n<td style=\"text-align: center;\">+3<\/td>\n<td style=\"text-align: center;\">Broken<\/td>\n<td style=\"text-align: center;\">-3<\/td>\n<\/tr>\n<tr>\n<td style=\"text-align: center;\">Fortfied<\/td>\n<td style=\"text-align: center;\">+4<\/td>\n<td style=\"text-align: center;\">Crumbling<\/td>\n<td style=\"text-align: center;\">-4<\/td>\n<\/tr>\n<tr>\n<td style=\"text-align: center;\">Tempered<\/td>\n<td style=\"text-align: center;\">+5<\/td>\n<td style=\"text-align: center;\">Rotten<\/td>\n<td style=\"text-align: center;\">-5<\/td>\n<\/tr>\n<tr>\n<td style=\"text-align: center;\">Indestructible<\/td>\n<td style=\"text-align: center;\">+6<\/td>\n<td style=\"text-align: center;\">Decomposing<\/td>\n<td style=\"text-align: center;\">-6<\/td>\n<\/tr>\n<\/tbody>\n<\/table>\n<p>Esistono inoltre le Armi Elementali:<\/p>\n<table style=\"margin-left: auto; margin-right: auto;\" border=\"1\">\n<tbody>\n<tr align=\"center\" valign=\"middle\">\n<td style=\"text-align: center;\" align=\"right\" valign=\"middle\"><img decoding=\"async\" src=\"https:\/\/www.zhi.it\/portalnew\/wp-content\/uploads\/2022\/02\/Repeat.png\" \/><\/td>\n<td style=\"text-align: center;\" align=\"right\" valign=\"middle\"><strong>Repeating Crossbow of the Air Element<\/strong><\/p>\n<p>Arma veloce come una Swift e allo stesso tempo Mystical. Ad ogni colpo si ha una certa % di castare un Call Lightning.<\/td>\n<\/tr>\n<tr align=\"center\" valign=\"middle\">\n<td><img decoding=\"async\" src=\"https:\/\/www.zhi.it\/portalnew\/wp-content\/uploads\/2022\/02\/hammer.png\" \/><\/td>\n<td style=\"text-align: center;\"><strong>Hammer Pick of the Earth Element<\/strong><\/p>\n<p>Arma veloce come una Swift e allo stesso tempo Mystical. Ad ogni colpo si ha una certa % di castare un Shifting Earth.<\/td>\n<\/tr>\n<tr align=\"right\" valign=\"middle\">\n<td style=\"text-align: center;\"><img decoding=\"async\" src=\"https:\/\/www.zhi.it\/portalnew\/wp-content\/uploads\/2022\/02\/fire-arm.png\" \/><\/td>\n<td style=\"text-align: center;\"><strong>Shashqa of the Fire Element<\/strong><\/p>\n<p>Arma veloce come una Swift e allo stesso tempo Mystical. Ad ogni colpo si ha una certa % di castare un Flame Strike.<\/td>\n<\/tr>\n<tr align=\"center\" valign=\"middle\">\n<td style=\"text-align: center;\"><span class=\"inline inline-left\"><img loading=\"lazy\" decoding=\"async\" class=\"image image-_original\" title=\"\" src=\"https:\/\/www.zhi.it\/portalnew\/images\/waterfork.png\" alt=\"\" width=\"35\" height=\"112\" \/><\/span><\/td>\n<td style=\"text-align: center;\"><strong>War Fork of the Water Element<\/strong><\/p>\n<p>Arma veloce come una Swift e allo stesso tempo Mystical. Ad ogni colpo si ha una certa % di castare un Ice Strike.<\/td>\n<\/tr>\n<\/tbody>\n<\/table>\n<p>Le armi elementali sono Undestructible e sono a tutti gli effetti anche Arms Exceptional ed Improved, dunque potenziabili di conseguenza.<\/p>\n<p>Anche il fato gioca per\u00f2 un suo ruolo, poich\u00e9 sar\u00e0 possibile che il Lord of Elemental crei talvolta armors elementali pi\u00f9 potenti, Superior e Godlike, con una maggiore % di cast della relativa spell.<\/p>\n<p>Per ottenerne una \u00e8 necessario ritrovare tutti e nove i pezzi di pentagramma dell&#8217;elemento in questione.<br \/>\nUna volta ottenuti tutti i pezzi e completato quindi il pentagramma, questi dovranno essere portati dal Lord of Elemental Shrine.<\/p>\n","protected":false},"excerpt":{"rendered":"<p>Le tipologie di armi ritrovabili nei loot sono armi del tipo danno maggiorato: Power, Vanquishing e Devastation. E&#8217; possibile inoltre trovare armi magiche con alcune propriet\u00e0 aggiuntive: Mystical: armi che permettono il casting con arma in mano; Swift: armi con pi\u00f9 velocit\u00e0 di attacco; Stygian: somma delle propriet\u00e0 suddette; Poisoned: armi permapoisoned. Difficile ma non [&hellip;]<\/p>\n","protected":false},"author":2,"featured_media":2980,"parent":487,"menu_order":0,"comment_status":"closed","ping_status":"closed","template":"","meta":{"inline_featured_image":false,"footnotes":""},"class_list":["post-493","page","type-page","status-publish","has-post-thumbnail","czr-hentry"],"yoast_head":"<!-- This site is optimized with the Yoast SEO plugin v27.5 - https:\/\/yoast.com\/product\/yoast-seo-wordpress\/ -->\n<title>Armi Magiche - Zulu Hotel Italia<\/title>\n<meta name=\"robots\" content=\"index, follow, max-snippet:-1, max-image-preview:large, max-video-preview:-1\" \/>\n<link rel=\"canonical\" href=\"https:\/\/www.zhi.it\/portalnew\/wikizhi\/oggetti\/lootabili\/armi-magiche\/\" \/>\n<meta property=\"og:locale\" content=\"it_IT\" \/>\n<meta property=\"og:type\" content=\"article\" \/>\n<meta property=\"og:title\" content=\"Armi Magiche - Zulu Hotel Italia\" \/>\n<meta property=\"og:description\" content=\"Le tipologie di armi ritrovabili nei loot sono armi del tipo danno maggiorato: Power, Vanquishing e Devastation. E&#8217; possibile inoltre trovare armi magiche con alcune propriet\u00e0 aggiuntive: Mystical: armi che permettono il casting con arma in mano; Swift: armi con pi\u00f9 velocit\u00e0 di attacco; Stygian: somma delle propriet\u00e0 suddette; Poisoned: armi permapoisoned. Difficile ma non [&hellip;]\" \/>\n<meta property=\"og:url\" content=\"https:\/\/www.zhi.it\/portalnew\/wikizhi\/oggetti\/lootabili\/armi-magiche\/\" \/>\n<meta property=\"og:site_name\" content=\"Zulu Hotel Italia\" \/>\n<meta property=\"article:modified_time\" content=\"2022-02-05T14:59:51+00:00\" \/>\n<meta property=\"og:image\" content=\"https:\/\/www.zhi.it\/portalnew\/wp-content\/uploads\/2017\/07\/armors.jpg\" \/>\n\t<meta property=\"og:image:width\" content=\"526\" \/>\n\t<meta property=\"og:image:height\" content=\"690\" \/>\n\t<meta property=\"og:image:type\" content=\"image\/jpeg\" \/>\n<meta name=\"twitter:card\" content=\"summary_large_image\" \/>\n<meta name=\"twitter:label1\" content=\"Tempo di lettura stimato\" \/>\n\t<meta name=\"twitter:data1\" content=\"2 minuti\" \/>\n<script type=\"application\/ld+json\" class=\"yoast-schema-graph\">{\"@context\":\"https:\\\/\\\/schema.org\",\"@graph\":[{\"@type\":\"WebPage\",\"@id\":\"https:\\\/\\\/www.zhi.it\\\/portalnew\\\/wikizhi\\\/oggetti\\\/lootabili\\\/armi-magiche\\\/\",\"url\":\"https:\\\/\\\/www.zhi.it\\\/portalnew\\\/wikizhi\\\/oggetti\\\/lootabili\\\/armi-magiche\\\/\",\"name\":\"Armi Magiche - Zulu Hotel Italia\",\"isPartOf\":{\"@id\":\"https:\\\/\\\/www.zhi.it\\\/portalnew\\\/#website\"},\"primaryImageOfPage\":{\"@id\":\"https:\\\/\\\/www.zhi.it\\\/portalnew\\\/wikizhi\\\/oggetti\\\/lootabili\\\/armi-magiche\\\/#primaryimage\"},\"image\":{\"@id\":\"https:\\\/\\\/www.zhi.it\\\/portalnew\\\/wikizhi\\\/oggetti\\\/lootabili\\\/armi-magiche\\\/#primaryimage\"},\"thumbnailUrl\":\"https:\\\/\\\/www.zhi.it\\\/portalnew\\\/wp-content\\\/uploads\\\/2017\\\/07\\\/armors.jpg\",\"datePublished\":\"2016-03-27T17:01:53+00:00\",\"dateModified\":\"2022-02-05T14:59:51+00:00\",\"breadcrumb\":{\"@id\":\"https:\\\/\\\/www.zhi.it\\\/portalnew\\\/wikizhi\\\/oggetti\\\/lootabili\\\/armi-magiche\\\/#breadcrumb\"},\"inLanguage\":\"it-IT\",\"potentialAction\":[{\"@type\":\"ReadAction\",\"target\":[\"https:\\\/\\\/www.zhi.it\\\/portalnew\\\/wikizhi\\\/oggetti\\\/lootabili\\\/armi-magiche\\\/\"]}]},{\"@type\":\"ImageObject\",\"inLanguage\":\"it-IT\",\"@id\":\"https:\\\/\\\/www.zhi.it\\\/portalnew\\\/wikizhi\\\/oggetti\\\/lootabili\\\/armi-magiche\\\/#primaryimage\",\"url\":\"https:\\\/\\\/www.zhi.it\\\/portalnew\\\/wp-content\\\/uploads\\\/2017\\\/07\\\/armors.jpg\",\"contentUrl\":\"https:\\\/\\\/www.zhi.it\\\/portalnew\\\/wp-content\\\/uploads\\\/2017\\\/07\\\/armors.jpg\",\"width\":526,\"height\":690},{\"@type\":\"BreadcrumbList\",\"@id\":\"https:\\\/\\\/www.zhi.it\\\/portalnew\\\/wikizhi\\\/oggetti\\\/lootabili\\\/armi-magiche\\\/#breadcrumb\",\"itemListElement\":[{\"@type\":\"ListItem\",\"position\":1,\"name\":\"Home\",\"item\":\"https:\\\/\\\/www.zhi.it\\\/portalnew\\\/\"},{\"@type\":\"ListItem\",\"position\":2,\"name\":\"Zhi Wiki\",\"item\":\"https:\\\/\\\/www.zhi.it\\\/portalnew\\\/wikizhi\\\/\"},{\"@type\":\"ListItem\",\"position\":3,\"name\":\"!Oggetti\",\"item\":\"https:\\\/\\\/www.zhi.it\\\/portalnew\\\/wikizhi\\\/oggetti\\\/\"},{\"@type\":\"ListItem\",\"position\":4,\"name\":\"Lootabili\",\"item\":\"https:\\\/\\\/www.zhi.it\\\/portalnew\\\/wikizhi\\\/oggetti\\\/lootabili\\\/\"},{\"@type\":\"ListItem\",\"position\":5,\"name\":\"Armi Magiche\"}]},{\"@type\":\"WebSite\",\"@id\":\"https:\\\/\\\/www.zhi.it\\\/portalnew\\\/#website\",\"url\":\"https:\\\/\\\/www.zhi.it\\\/portalnew\\\/\",\"name\":\"Zulu Hotel Italia\",\"description\":\"\",\"publisher\":{\"@id\":\"https:\\\/\\\/www.zhi.it\\\/portalnew\\\/#organization\"},\"potentialAction\":[{\"@type\":\"SearchAction\",\"target\":{\"@type\":\"EntryPoint\",\"urlTemplate\":\"https:\\\/\\\/www.zhi.it\\\/portalnew\\\/?s={search_term_string}\"},\"query-input\":{\"@type\":\"PropertyValueSpecification\",\"valueRequired\":true,\"valueName\":\"search_term_string\"}}],\"inLanguage\":\"it-IT\"},{\"@type\":\"Organization\",\"@id\":\"https:\\\/\\\/www.zhi.it\\\/portalnew\\\/#organization\",\"name\":\"Zulu Hotel Italia\",\"url\":\"https:\\\/\\\/www.zhi.it\\\/portalnew\\\/\",\"logo\":{\"@type\":\"ImageObject\",\"inLanguage\":\"it-IT\",\"@id\":\"https:\\\/\\\/www.zhi.it\\\/portalnew\\\/#\\\/schema\\\/logo\\\/image\\\/\",\"url\":\"https:\\\/\\\/www.zhi.it\\\/portalnew\\\/wp-content\\\/uploads\\\/2018\\\/09\\\/cropped-zhi-logo-colorato.png\",\"contentUrl\":\"https:\\\/\\\/www.zhi.it\\\/portalnew\\\/wp-content\\\/uploads\\\/2018\\\/09\\\/cropped-zhi-logo-colorato.png\",\"width\":325,\"height\":325,\"caption\":\"Zulu Hotel Italia\"},\"image\":{\"@id\":\"https:\\\/\\\/www.zhi.it\\\/portalnew\\\/#\\\/schema\\\/logo\\\/image\\\/\"}}]}<\/script>\n<!-- \/ Yoast SEO plugin. -->","yoast_head_json":{"title":"Armi Magiche - Zulu Hotel Italia","robots":{"index":"index","follow":"follow","max-snippet":"max-snippet:-1","max-image-preview":"max-image-preview:large","max-video-preview":"max-video-preview:-1"},"canonical":"https:\/\/www.zhi.it\/portalnew\/wikizhi\/oggetti\/lootabili\/armi-magiche\/","og_locale":"it_IT","og_type":"article","og_title":"Armi Magiche - Zulu Hotel Italia","og_description":"Le tipologie di armi ritrovabili nei loot sono armi del tipo danno maggiorato: Power, Vanquishing e Devastation. E&#8217; possibile inoltre trovare armi magiche con alcune propriet\u00e0 aggiuntive: Mystical: armi che permettono il casting con arma in mano; Swift: armi con pi\u00f9 velocit\u00e0 di attacco; Stygian: somma delle propriet\u00e0 suddette; Poisoned: armi permapoisoned. Difficile ma non [&hellip;]","og_url":"https:\/\/www.zhi.it\/portalnew\/wikizhi\/oggetti\/lootabili\/armi-magiche\/","og_site_name":"Zulu Hotel Italia","article_modified_time":"2022-02-05T14:59:51+00:00","og_image":[{"width":526,"height":690,"url":"https:\/\/www.zhi.it\/portalnew\/wp-content\/uploads\/2017\/07\/armors.jpg","type":"image\/jpeg"}],"twitter_card":"summary_large_image","twitter_misc":{"Tempo di lettura stimato":"2 minuti"},"schema":{"@context":"https:\/\/schema.org","@graph":[{"@type":"WebPage","@id":"https:\/\/www.zhi.it\/portalnew\/wikizhi\/oggetti\/lootabili\/armi-magiche\/","url":"https:\/\/www.zhi.it\/portalnew\/wikizhi\/oggetti\/lootabili\/armi-magiche\/","name":"Armi Magiche - Zulu Hotel Italia","isPartOf":{"@id":"https:\/\/www.zhi.it\/portalnew\/#website"},"primaryImageOfPage":{"@id":"https:\/\/www.zhi.it\/portalnew\/wikizhi\/oggetti\/lootabili\/armi-magiche\/#primaryimage"},"image":{"@id":"https:\/\/www.zhi.it\/portalnew\/wikizhi\/oggetti\/lootabili\/armi-magiche\/#primaryimage"},"thumbnailUrl":"https:\/\/www.zhi.it\/portalnew\/wp-content\/uploads\/2017\/07\/armors.jpg","datePublished":"2016-03-27T17:01:53+00:00","dateModified":"2022-02-05T14:59:51+00:00","breadcrumb":{"@id":"https:\/\/www.zhi.it\/portalnew\/wikizhi\/oggetti\/lootabili\/armi-magiche\/#breadcrumb"},"inLanguage":"it-IT","potentialAction":[{"@type":"ReadAction","target":["https:\/\/www.zhi.it\/portalnew\/wikizhi\/oggetti\/lootabili\/armi-magiche\/"]}]},{"@type":"ImageObject","inLanguage":"it-IT","@id":"https:\/\/www.zhi.it\/portalnew\/wikizhi\/oggetti\/lootabili\/armi-magiche\/#primaryimage","url":"https:\/\/www.zhi.it\/portalnew\/wp-content\/uploads\/2017\/07\/armors.jpg","contentUrl":"https:\/\/www.zhi.it\/portalnew\/wp-content\/uploads\/2017\/07\/armors.jpg","width":526,"height":690},{"@type":"BreadcrumbList","@id":"https:\/\/www.zhi.it\/portalnew\/wikizhi\/oggetti\/lootabili\/armi-magiche\/#breadcrumb","itemListElement":[{"@type":"ListItem","position":1,"name":"Home","item":"https:\/\/www.zhi.it\/portalnew\/"},{"@type":"ListItem","position":2,"name":"Zhi Wiki","item":"https:\/\/www.zhi.it\/portalnew\/wikizhi\/"},{"@type":"ListItem","position":3,"name":"!Oggetti","item":"https:\/\/www.zhi.it\/portalnew\/wikizhi\/oggetti\/"},{"@type":"ListItem","position":4,"name":"Lootabili","item":"https:\/\/www.zhi.it\/portalnew\/wikizhi\/oggetti\/lootabili\/"},{"@type":"ListItem","position":5,"name":"Armi Magiche"}]},{"@type":"WebSite","@id":"https:\/\/www.zhi.it\/portalnew\/#website","url":"https:\/\/www.zhi.it\/portalnew\/","name":"Zulu Hotel Italia","description":"","publisher":{"@id":"https:\/\/www.zhi.it\/portalnew\/#organization"},"potentialAction":[{"@type":"SearchAction","target":{"@type":"EntryPoint","urlTemplate":"https:\/\/www.zhi.it\/portalnew\/?s={search_term_string}"},"query-input":{"@type":"PropertyValueSpecification","valueRequired":true,"valueName":"search_term_string"}}],"inLanguage":"it-IT"},{"@type":"Organization","@id":"https:\/\/www.zhi.it\/portalnew\/#organization","name":"Zulu Hotel Italia","url":"https:\/\/www.zhi.it\/portalnew\/","logo":{"@type":"ImageObject","inLanguage":"it-IT","@id":"https:\/\/www.zhi.it\/portalnew\/#\/schema\/logo\/image\/","url":"https:\/\/www.zhi.it\/portalnew\/wp-content\/uploads\/2018\/09\/cropped-zhi-logo-colorato.png","contentUrl":"https:\/\/www.zhi.it\/portalnew\/wp-content\/uploads\/2018\/09\/cropped-zhi-logo-colorato.png","width":325,"height":325,"caption":"Zulu Hotel Italia"},"image":{"@id":"https:\/\/www.zhi.it\/portalnew\/#\/schema\/logo\/image\/"}}]}},"_links":{"self":[{"href":"https:\/\/www.zhi.it\/portalnew\/wp-json\/wp\/v2\/pages\/493","targetHints":{"allow":["GET"]}}],"collection":[{"href":"https:\/\/www.zhi.it\/portalnew\/wp-json\/wp\/v2\/pages"}],"about":[{"href":"https:\/\/www.zhi.it\/portalnew\/wp-json\/wp\/v2\/types\/page"}],"author":[{"embeddable":true,"href":"https:\/\/www.zhi.it\/portalnew\/wp-json\/wp\/v2\/users\/2"}],"replies":[{"embeddable":true,"href":"https:\/\/www.zhi.it\/portalnew\/wp-json\/wp\/v2\/comments?post=493"}],"version-history":[{"count":4,"href":"https:\/\/www.zhi.it\/portalnew\/wp-json\/wp\/v2\/pages\/493\/revisions"}],"predecessor-version":[{"id":7131,"href":"https:\/\/www.zhi.it\/portalnew\/wp-json\/wp\/v2\/pages\/493\/revisions\/7131"}],"up":[{"embeddable":true,"href":"https:\/\/www.zhi.it\/portalnew\/wp-json\/wp\/v2\/pages\/487"}],"wp:featuredmedia":[{"embeddable":true,"href":"https:\/\/www.zhi.it\/portalnew\/wp-json\/wp\/v2\/media\/2980"}],"wp:attachment":[{"href":"https:\/\/www.zhi.it\/portalnew\/wp-json\/wp\/v2\/media?parent=493"}],"curies":[{"name":"wp","href":"https:\/\/api.w.org\/{rel}","templated":true}]}}