{"id":724,"date":"2016-07-11T15:13:38","date_gmt":"2016-07-11T15:13:38","guid":{"rendered":"https:\/\/www.zhi.it\/portalnew\/?page_id=724"},"modified":"2025-02-17T11:31:55","modified_gmt":"2025-02-17T10:31:55","slug":"faq","status":"publish","type":"page","link":"https:\/\/www.zhi.it\/portalnew\/wikizhi\/guide-rapide\/faq\/","title":{"rendered":"FAQ"},"content":{"rendered":"<p><audio class=\"audio-for-speech\"><\/audio><\/p>\n<div class=\"translate-tooltip-mtz translator-hidden\">\n<div class=\"header\">\n<div class=\"header-controls\">Translator<\/div>\n<div class=\"header-controls\"><\/div>\n<div class=\"header-controls\"><\/div>\n<\/div>\n<div class=\"translated-text\">\n<div class=\"words\"><\/div>\n<div class=\"sentences\"><\/div>\n<\/div>\n<\/div>\n<p>&nbsp;<\/p>\n<div class=\"b_title\">\n<h4>DOMANDE GENERALI<\/h4>\n<\/div>\n<div class=\"b_block b_4\">\n<div>\n<p>Domanda: Perfetto! Sono dentro! Cosa posso fare intanto?<br \/>\nRisposta: Intanto setta un paio di cosette come le nuove password e la tua email. Sono necessarie nel caso tu smarrisca la tua password di primo livello. Su Zulu Hotel Italia 7th Age il sistema di &#8220;sicurezza&#8221; sugli account prevede l&#8217;utilizzo di due password, una di primo livello che utilizzerai per fare il login sul nostro Shard, l&#8217;altra, di secondo livello, che dovrai conoscere solo tu, possessore dell&#8217;account, e che non potrai pi\u00f9 cambiare: ti servir\u00e0 per settare l&#8217;email per il recupero dell&#8217;account qualora tu smarrisca la password di primo livello.<\/p>\n<p>D: Come faccio a settare le password?<br \/>\nR: La password di secondo livello ti verr\u00e0 richiesta non appena entrerai nel mondo di Zulu Hotel Italia 7th Age per la prima volta. E&#8217; IMPORTANTE che la conosca solo tu, e non darla mai a nessuno e per nessun motivo. Per la password di primo livello invece, utile per il login sullo shard, basta scrivere &#8220;.password&#8221; e ti apparir\u00e0 un gump dove scriverai la nuova password di primo livello. E&#8217; consigliabile cambiarla ogni tanto per ragioni di sicurezza.<\/p>\n<p>D: Invece per l&#8217;email? E&#8217; obbligatorio?<br \/>\nR: Eh si, anche questo devi settarla obbligatoriamente. Usa il comando .email, seguito dalla tua email. Per settarla ti verr\u00e0 richiesta la PASSWORD DI SECONDO LIVELLO!!! occhio che dopo 3 tentativi errati ti si blocca l&#8217;account!!<br \/>\nEsempio :<br \/>\n.email cicciopasticcio@email.it Inserisci la Password di secondo livello &#8230;<\/p>\n<p>D: Perfetto sto giocando, ora come posso sapere cosa \u00e8 legale e cosa no?<br \/>\nR: Puoi consultare sul sito il regolamento vigente, che comprende norme di comportamento e relative sanzioni. Determinate citt\u00e0 poi hanno anche un particolare statuto legato alla loro storia e a particolari stili di vita (quali ad esempio quelli legati alle varie razze). Ti consigliamo di leggerli, sono reperibili sul forum Echi di Sosaria.<\/p>\n<p>D: Mi si \u00e8 bloccato l&#8217;account!! come posso fare a riaverlo?<br \/>\nR: Devi mandare una e-mail dalla casella di posta precedentemente settata sul tuo account a info@zhi.it e aspettare che l&#8217;Admin ti riattivi l&#8217;account =). Per qualunque problema la sezione Contatti del sito pu\u00f2 fare a caso tuo.<\/p>\n<p>D: Dove trovo i programmi del pacchetto d&#8217;installazione di zhi come uoloop e autopilot?<br \/>\nR: Dal tuo men\u00f9 di avvio, Start\/Programmi\/Zuluhotelitalia Clicca qui per vedere il percorso.<\/p>\n<p>Problemi di collegamento al server<\/p>\n<p>Ecco cosa fare se ricevete uno questi messaggi quando provate a effettuare il login su Zulu Hotel Italia:<\/p>\n<p>Your account credentials are invalid. Check your user ID and password and try again<br \/>\nSignifica che il server non riconosce i dati che state inserendo, potrebbe essere che il vostro account non sia ancora stato creato, pazientate un p\u00f2 e riprovate pi\u00f9 tardi; nel caso abbiate gi\u00e0 ricevuto conferma della creazione dello stesso chiedete ad un amico di provare il vostro account. Se a lui va avete probabilmente sbagliato l&#8217;inserimento dei file (vedi pi\u00f9 avanti).<br \/>\nCouldn&#8217;t connect to Ultima Online. Please try again in a few moment<br \/>\nSignifica che il server \u00e8 momentaneamente inattivo, pazientate un po&#8217; e riprovate pi\u00f9 tardi. Se dei vostri amici riescono a connettersi avete probabilmente sbagliato a sostituire i file (vedi il punto successivo).<br \/>\nThe IGR time limit has been met<br \/>\nQuesto messaggio in realt\u00e0 indica che il server \u00e8 momentaneamente up solo per lo Staff. Riprova tra qualche minuto, e consulta nel frattempo il forum per sapere quali novit\u00e0 sono in arrivo!<\/p>\n<p>Domanda: non riesco a connettermi ma guardando sul sito il server risulta attivo, cosa devo fare?<\/p>\n<p>Risposta: assicuratevi che il file login.cfg, una volta aperto con un semplice blocco note, contenga la seguente stringa:<\/p>\n<p>LoginServer=gameserver15.gamesnet.it,2596<\/p>\n<p>In caso contrario, modificatelo a mano.<\/p>\n<p>Problemi di installazione<\/p>\n<p>Domanda: Il client va in crash quando apro il paperdoll, che devo fare?<\/p>\n<p>Risposta: Cancella il file uo.cfg e la cartella Desktop dalla cartella dove di UO (fai una copia del file macro.txt se non vuoi perdere le macro).<\/p>\n<p>Domanda: Ho Windows XP e non riesco a copiare alcuni file scaricati dal sito\/non appaiono le icone agli eseguibili\/quando eseguo il launcher o uo mi dice &#8220;Accesso negato &#8221; (o simili), che devo fare?<\/p>\n<p>Risposta: Hai un problema con i permessi dei file sotto Xp puoi risolverlo nel seguente modo. Vai nella cartella di installazione di ZHI, troverai una cartella che si chiama XPAsd, al cui interno troverai un file chiamato XPasd.bat. Eseguilo come amministratore del computer, e sistemer\u00e0 tutti i permessi necessari per giocare.<br \/>\nNel caso lo script fallisse puoi provare nel seguente modo: apri il file Xpasd.bat col Notepad e modifica la linea @SET UODIR=&#8221;c:\\program files\\UO&#8221; mettendo al posto di &#8220;c:\\program files\\UO&#8221; il percorso dove e&#8217; installato il tuo UO. Fatto questo esegui nuovamente Xpasd.bat.<\/p>\n<p>Problemi con l&#8217;esecuzione del gioco<\/p>\n<p>Domanda: Quando apro Ultima Online gi\u00e0 nella schermata d&#8217;entrata se muovo il cursore del mouse mi va molto lento, se lo tiro fuori dalla schermata di UO e lo metto sul desktop va che \u00e8 un piacere, che devo fare?<\/p>\n<p>Risposta: Entra nelle opzioni del gioco, facendo doppio click sul tuo personaggio e cliccando quindi Options nella finestra che appare, il Paperdoll. Nelle opzioni, entra nella sezione identificata dal simbolo del mouse, e punta la prima opzione &#8220;Run mouse in separate thread&#8221;, quindi clicca Okay. Chiudi e riapri UO.<\/p>\n<p>Installazione dei files tramite .exe<\/p>\n<p>Per installare i files di ZHI, seguite la Guida all&#8217;installazione passo passo.<\/p>\n<p>In generale, effettuate l&#8217;installazione massima di Ultima Online &#8211; Age of Shadow in modalit\u00e0 2D sul vostro computer, in una cartella a scelta (consigliato l&#8217;indirizzo standard c:\\Program Files\\Ultima Online\\). Una volta finita l&#8217;installazione non fate ne l&#8217;auto-patch ne la registrazione automatica, cio\u00e8 per il momento non avviate il gioco.<\/p>\n<p>Scaricate i files di ZHI contrassegnati come necessari e a scelta quelli contrassegnati come opzionali, mettendoli in una qualsiasi cartella (per il momento il desktop va benissimo). Uno alla volta avviate i vari .exe, cliccate sempre avanti e lasciate che il procedimento finisca, a questo punto passate al file successivo.<\/p>\n<p>Quando avrete finito di installare tutti i files andate nella cartella di Ultima Online e create un collegamento a ClientZHI.exe sul desktop. D&#8217;ora in avanti utilizzate questo collegamento per avviare il Client e connettervi a ZHI con i dati del vostro account.<\/p>\n<p>Si consiglia caldamente di tenere una copia di backup di tutti i file autoinstallanti .exe scaricati, questo vi permetter\u00e0, in caso di problemi, di non doverli riscaricare tutti per reinstallare.<\/p>\n<p>Domande riguardanti le case<\/p>\n<p>D: E&#8217; possibile (pagando, ovviamente) avere un muro con porta all&#8217;interno della casa per dividerla in due stanze?<br \/>\nR: No. Mettere muri dinamici significa creare lag, magari non per un solo pg ma pensa se lo richiedessero tutti. E&#8217; possibile per\u00f2 craftare i recinti per creare ulteriori stanze o stalle per animali.<\/p>\n<p>D: Si pu\u00f2 cambiare la pavimentazione alla casetta? Tipo a me piacerebbero le piastrelle verde mare che ci sono in alcuni negozi per maghi&#8230; Ditemi che si pu\u00f2&#8230;<br \/>\nR: Ahim\u00e8 no. Ogni piastrella sarebbe un tile occupato da un oggetto. In tal modo ogni casa dovrebbe avere tanti item quanti sono i suoi metri quadrati, solo di pavimento&#8230;.capisci da solo che basterebbe una casa per far laggare tutta la citt\u00e0.<\/p>\n<p>D: E&#8217; ancora necessario refreshare una volta ogni 30 giorni la stone di casa per non rischiare il wipe interno?<br \/>\nR: Assolutamente SI. Qualche volta capita che pur non refreshandola, essa rimanga attiva come se fosse uno dei primi giorni di refresh, tuttavia \u00e8 un bug (seppur positivo). Refreshate le vostre house stone ogni volta che ne avete il tempo! Basta digitare il comando .house dentro la vostra casa.<\/p>\n<p>D: Bisogna refreshare anche ora che siamo tutti in vacanza?<br \/>\nR: No, l&#8217;estate \u00e8 l&#8217;unico periodo dove disabilitiamo il decay delle case, e quindi il refresh delle stesse.<\/p>\n<\/div>\n<\/div>\n","protected":false},"excerpt":{"rendered":"<p>Translator &nbsp; DOMANDE GENERALI Domanda: Perfetto! Sono dentro! Cosa posso fare intanto? Risposta: Intanto setta un paio di cosette come le nuove password e la tua email. Sono necessarie nel caso tu smarrisca la tua password di primo livello. Su Zulu Hotel Italia 7th Age il sistema di &#8220;sicurezza&#8221; sugli account prevede l&#8217;utilizzo di due [&hellip;]<\/p>\n","protected":false},"author":2,"featured_media":990,"parent":9059,"menu_order":0,"comment_status":"closed","ping_status":"closed","template":"","meta":{"inline_featured_image":false,"footnotes":""},"class_list":["post-724","page","type-page","status-publish","has-post-thumbnail","czr-hentry"],"yoast_head":"<!-- This site is optimized with the Yoast SEO plugin v27.5 - https:\/\/yoast.com\/product\/yoast-seo-wordpress\/ -->\n<title>FAQ - Zulu Hotel Italia<\/title>\n<meta name=\"robots\" content=\"index, follow, max-snippet:-1, max-image-preview:large, max-video-preview:-1\" \/>\n<link rel=\"canonical\" href=\"https:\/\/www.zhi.it\/portalnew\/wikizhi\/guide-rapide\/faq\/\" \/>\n<meta property=\"og:locale\" content=\"it_IT\" \/>\n<meta property=\"og:type\" content=\"article\" \/>\n<meta property=\"og:title\" content=\"FAQ - Zulu Hotel Italia\" \/>\n<meta property=\"og:description\" content=\"Translator &nbsp; DOMANDE GENERALI Domanda: Perfetto! Sono dentro! Cosa posso fare intanto? Risposta: Intanto setta un paio di cosette come le nuove password e la tua email. Sono necessarie nel caso tu smarrisca la tua password di primo livello. Su Zulu Hotel Italia 7th Age il sistema di &#8220;sicurezza&#8221; sugli account prevede l&#8217;utilizzo di due [&hellip;]\" \/>\n<meta property=\"og:url\" content=\"https:\/\/www.zhi.it\/portalnew\/wikizhi\/guide-rapide\/faq\/\" \/>\n<meta property=\"og:site_name\" content=\"Zulu Hotel Italia\" \/>\n<meta property=\"article:modified_time\" content=\"2025-02-17T10:31:55+00:00\" \/>\n<meta property=\"og:image\" content=\"https:\/\/www.zhi.it\/portalnew\/wp-content\/uploads\/site_image\/fail_img_evidenza.jpg\" \/>\n\t<meta property=\"og:image:width\" content=\"2292\" \/>\n\t<meta property=\"og:image:height\" content=\"2134\" \/>\n\t<meta property=\"og:image:type\" content=\"image\/jpeg\" \/>\n<meta name=\"twitter:card\" content=\"summary_large_image\" \/>\n<meta name=\"twitter:label1\" content=\"Tempo di lettura stimato\" \/>\n\t<meta name=\"twitter:data1\" content=\"8 minuti\" \/>\n<script type=\"application\/ld+json\" class=\"yoast-schema-graph\">{\"@context\":\"https:\\\/\\\/schema.org\",\"@graph\":[{\"@type\":\"WebPage\",\"@id\":\"https:\\\/\\\/www.zhi.it\\\/portalnew\\\/wikizhi\\\/guide-rapide\\\/faq\\\/\",\"url\":\"https:\\\/\\\/www.zhi.it\\\/portalnew\\\/wikizhi\\\/guide-rapide\\\/faq\\\/\",\"name\":\"FAQ - Zulu Hotel Italia\",\"isPartOf\":{\"@id\":\"https:\\\/\\\/www.zhi.it\\\/portalnew\\\/#website\"},\"primaryImageOfPage\":{\"@id\":\"https:\\\/\\\/www.zhi.it\\\/portalnew\\\/wikizhi\\\/guide-rapide\\\/faq\\\/#primaryimage\"},\"image\":{\"@id\":\"https:\\\/\\\/www.zhi.it\\\/portalnew\\\/wikizhi\\\/guide-rapide\\\/faq\\\/#primaryimage\"},\"thumbnailUrl\":\"https:\\\/\\\/www.zhi.it\\\/portalnew\\\/wp-content\\\/uploads\\\/site_image\\\/fail_img_evidenza.jpg\",\"datePublished\":\"2016-07-11T15:13:38+00:00\",\"dateModified\":\"2025-02-17T10:31:55+00:00\",\"breadcrumb\":{\"@id\":\"https:\\\/\\\/www.zhi.it\\\/portalnew\\\/wikizhi\\\/guide-rapide\\\/faq\\\/#breadcrumb\"},\"inLanguage\":\"it-IT\",\"potentialAction\":[{\"@type\":\"ReadAction\",\"target\":[\"https:\\\/\\\/www.zhi.it\\\/portalnew\\\/wikizhi\\\/guide-rapide\\\/faq\\\/\"]}]},{\"@type\":\"ImageObject\",\"inLanguage\":\"it-IT\",\"@id\":\"https:\\\/\\\/www.zhi.it\\\/portalnew\\\/wikizhi\\\/guide-rapide\\\/faq\\\/#primaryimage\",\"url\":\"https:\\\/\\\/www.zhi.it\\\/portalnew\\\/wp-content\\\/uploads\\\/site_image\\\/fail_img_evidenza.jpg\",\"contentUrl\":\"https:\\\/\\\/www.zhi.it\\\/portalnew\\\/wp-content\\\/uploads\\\/site_image\\\/fail_img_evidenza.jpg\",\"width\":2292,\"height\":2134},{\"@type\":\"BreadcrumbList\",\"@id\":\"https:\\\/\\\/www.zhi.it\\\/portalnew\\\/wikizhi\\\/guide-rapide\\\/faq\\\/#breadcrumb\",\"itemListElement\":[{\"@type\":\"ListItem\",\"position\":1,\"name\":\"Home\",\"item\":\"https:\\\/\\\/www.zhi.it\\\/portalnew\\\/\"},{\"@type\":\"ListItem\",\"position\":2,\"name\":\"Zhi Wiki\",\"item\":\"https:\\\/\\\/www.zhi.it\\\/portalnew\\\/wikizhi\\\/\"},{\"@type\":\"ListItem\",\"position\":3,\"name\":\"!Guide rapide\",\"item\":\"https:\\\/\\\/www.zhi.it\\\/portalnew\\\/wikizhi\\\/guide-rapide\\\/\"},{\"@type\":\"ListItem\",\"position\":4,\"name\":\"FAQ\"}]},{\"@type\":\"WebSite\",\"@id\":\"https:\\\/\\\/www.zhi.it\\\/portalnew\\\/#website\",\"url\":\"https:\\\/\\\/www.zhi.it\\\/portalnew\\\/\",\"name\":\"Zulu Hotel Italia\",\"description\":\"\",\"publisher\":{\"@id\":\"https:\\\/\\\/www.zhi.it\\\/portalnew\\\/#organization\"},\"potentialAction\":[{\"@type\":\"SearchAction\",\"target\":{\"@type\":\"EntryPoint\",\"urlTemplate\":\"https:\\\/\\\/www.zhi.it\\\/portalnew\\\/?s={search_term_string}\"},\"query-input\":{\"@type\":\"PropertyValueSpecification\",\"valueRequired\":true,\"valueName\":\"search_term_string\"}}],\"inLanguage\":\"it-IT\"},{\"@type\":\"Organization\",\"@id\":\"https:\\\/\\\/www.zhi.it\\\/portalnew\\\/#organization\",\"name\":\"Zulu Hotel Italia\",\"url\":\"https:\\\/\\\/www.zhi.it\\\/portalnew\\\/\",\"logo\":{\"@type\":\"ImageObject\",\"inLanguage\":\"it-IT\",\"@id\":\"https:\\\/\\\/www.zhi.it\\\/portalnew\\\/#\\\/schema\\\/logo\\\/image\\\/\",\"url\":\"https:\\\/\\\/www.zhi.it\\\/portalnew\\\/wp-content\\\/uploads\\\/2018\\\/09\\\/cropped-zhi-logo-colorato.png\",\"contentUrl\":\"https:\\\/\\\/www.zhi.it\\\/portalnew\\\/wp-content\\\/uploads\\\/2018\\\/09\\\/cropped-zhi-logo-colorato.png\",\"width\":325,\"height\":325,\"caption\":\"Zulu Hotel Italia\"},\"image\":{\"@id\":\"https:\\\/\\\/www.zhi.it\\\/portalnew\\\/#\\\/schema\\\/logo\\\/image\\\/\"}}]}<\/script>\n<!-- \/ Yoast SEO plugin. -->","yoast_head_json":{"title":"FAQ - Zulu Hotel Italia","robots":{"index":"index","follow":"follow","max-snippet":"max-snippet:-1","max-image-preview":"max-image-preview:large","max-video-preview":"max-video-preview:-1"},"canonical":"https:\/\/www.zhi.it\/portalnew\/wikizhi\/guide-rapide\/faq\/","og_locale":"it_IT","og_type":"article","og_title":"FAQ - Zulu Hotel Italia","og_description":"Translator &nbsp; DOMANDE GENERALI Domanda: Perfetto! Sono dentro! Cosa posso fare intanto? Risposta: Intanto setta un paio di cosette come le nuove password e la tua email. Sono necessarie nel caso tu smarrisca la tua password di primo livello. Su Zulu Hotel Italia 7th Age il sistema di &#8220;sicurezza&#8221; sugli account prevede l&#8217;utilizzo di due [&hellip;]","og_url":"https:\/\/www.zhi.it\/portalnew\/wikizhi\/guide-rapide\/faq\/","og_site_name":"Zulu Hotel Italia","article_modified_time":"2025-02-17T10:31:55+00:00","og_image":[{"width":2292,"height":2134,"url":"https:\/\/www.zhi.it\/portalnew\/wp-content\/uploads\/site_image\/fail_img_evidenza.jpg","type":"image\/jpeg"}],"twitter_card":"summary_large_image","twitter_misc":{"Tempo di lettura stimato":"8 minuti"},"schema":{"@context":"https:\/\/schema.org","@graph":[{"@type":"WebPage","@id":"https:\/\/www.zhi.it\/portalnew\/wikizhi\/guide-rapide\/faq\/","url":"https:\/\/www.zhi.it\/portalnew\/wikizhi\/guide-rapide\/faq\/","name":"FAQ - Zulu Hotel Italia","isPartOf":{"@id":"https:\/\/www.zhi.it\/portalnew\/#website"},"primaryImageOfPage":{"@id":"https:\/\/www.zhi.it\/portalnew\/wikizhi\/guide-rapide\/faq\/#primaryimage"},"image":{"@id":"https:\/\/www.zhi.it\/portalnew\/wikizhi\/guide-rapide\/faq\/#primaryimage"},"thumbnailUrl":"https:\/\/www.zhi.it\/portalnew\/wp-content\/uploads\/site_image\/fail_img_evidenza.jpg","datePublished":"2016-07-11T15:13:38+00:00","dateModified":"2025-02-17T10:31:55+00:00","breadcrumb":{"@id":"https:\/\/www.zhi.it\/portalnew\/wikizhi\/guide-rapide\/faq\/#breadcrumb"},"inLanguage":"it-IT","potentialAction":[{"@type":"ReadAction","target":["https:\/\/www.zhi.it\/portalnew\/wikizhi\/guide-rapide\/faq\/"]}]},{"@type":"ImageObject","inLanguage":"it-IT","@id":"https:\/\/www.zhi.it\/portalnew\/wikizhi\/guide-rapide\/faq\/#primaryimage","url":"https:\/\/www.zhi.it\/portalnew\/wp-content\/uploads\/site_image\/fail_img_evidenza.jpg","contentUrl":"https:\/\/www.zhi.it\/portalnew\/wp-content\/uploads\/site_image\/fail_img_evidenza.jpg","width":2292,"height":2134},{"@type":"BreadcrumbList","@id":"https:\/\/www.zhi.it\/portalnew\/wikizhi\/guide-rapide\/faq\/#breadcrumb","itemListElement":[{"@type":"ListItem","position":1,"name":"Home","item":"https:\/\/www.zhi.it\/portalnew\/"},{"@type":"ListItem","position":2,"name":"Zhi Wiki","item":"https:\/\/www.zhi.it\/portalnew\/wikizhi\/"},{"@type":"ListItem","position":3,"name":"!Guide rapide","item":"https:\/\/www.zhi.it\/portalnew\/wikizhi\/guide-rapide\/"},{"@type":"ListItem","position":4,"name":"FAQ"}]},{"@type":"WebSite","@id":"https:\/\/www.zhi.it\/portalnew\/#website","url":"https:\/\/www.zhi.it\/portalnew\/","name":"Zulu Hotel Italia","description":"","publisher":{"@id":"https:\/\/www.zhi.it\/portalnew\/#organization"},"potentialAction":[{"@type":"SearchAction","target":{"@type":"EntryPoint","urlTemplate":"https:\/\/www.zhi.it\/portalnew\/?s={search_term_string}"},"query-input":{"@type":"PropertyValueSpecification","valueRequired":true,"valueName":"search_term_string"}}],"inLanguage":"it-IT"},{"@type":"Organization","@id":"https:\/\/www.zhi.it\/portalnew\/#organization","name":"Zulu Hotel Italia","url":"https:\/\/www.zhi.it\/portalnew\/","logo":{"@type":"ImageObject","inLanguage":"it-IT","@id":"https:\/\/www.zhi.it\/portalnew\/#\/schema\/logo\/image\/","url":"https:\/\/www.zhi.it\/portalnew\/wp-content\/uploads\/2018\/09\/cropped-zhi-logo-colorato.png","contentUrl":"https:\/\/www.zhi.it\/portalnew\/wp-content\/uploads\/2018\/09\/cropped-zhi-logo-colorato.png","width":325,"height":325,"caption":"Zulu Hotel Italia"},"image":{"@id":"https:\/\/www.zhi.it\/portalnew\/#\/schema\/logo\/image\/"}}]}},"_links":{"self":[{"href":"https:\/\/www.zhi.it\/portalnew\/wp-json\/wp\/v2\/pages\/724","targetHints":{"allow":["GET"]}}],"collection":[{"href":"https:\/\/www.zhi.it\/portalnew\/wp-json\/wp\/v2\/pages"}],"about":[{"href":"https:\/\/www.zhi.it\/portalnew\/wp-json\/wp\/v2\/types\/page"}],"author":[{"embeddable":true,"href":"https:\/\/www.zhi.it\/portalnew\/wp-json\/wp\/v2\/users\/2"}],"replies":[{"embeddable":true,"href":"https:\/\/www.zhi.it\/portalnew\/wp-json\/wp\/v2\/comments?post=724"}],"version-history":[{"count":3,"href":"https:\/\/www.zhi.it\/portalnew\/wp-json\/wp\/v2\/pages\/724\/revisions"}],"predecessor-version":[{"id":7850,"href":"https:\/\/www.zhi.it\/portalnew\/wp-json\/wp\/v2\/pages\/724\/revisions\/7850"}],"up":[{"embeddable":true,"href":"https:\/\/www.zhi.it\/portalnew\/wp-json\/wp\/v2\/pages\/9059"}],"wp:featuredmedia":[{"embeddable":true,"href":"https:\/\/www.zhi.it\/portalnew\/wp-json\/wp\/v2\/media\/990"}],"wp:attachment":[{"href":"https:\/\/www.zhi.it\/portalnew\/wp-json\/wp\/v2\/media?parent=724"}],"curies":[{"name":"wp","href":"https:\/\/api.w.org\/{rel}","templated":true}]}}