{"id":727,"date":"2016-07-11T15:23:24","date_gmt":"2016-07-11T15:23:24","guid":{"rendered":"https:\/\/www.zhi.it\/portalnew\/?page_id=727"},"modified":"2025-02-13T11:25:39","modified_gmt":"2025-02-13T10:25:39","slug":"download-e-guida","status":"publish","type":"page","link":"https:\/\/www.zhi.it\/portalnew\/inizia-a-giocare\/download-e-guida\/","title":{"rendered":"Scarica i File e Gioca"},"content":{"rendered":"<div class=\"wpb_text_column wpb_content_element \">\n<div class=\"wpb_wrapper\">\n<div id=\"container-content\">\n<div id=\"content-area_single\">\n<div id=\"news_single\">\n<div class=\"news-post_single\">\n<h3 class=\"post-title\">Installare Zulu Hotel Italia<\/h3>\n<p>Benvenuto in Zulu Hotel Italia! Per poter effettuare l\u2019accesso e giocare bisogna semplicemente scaricare il nostro launcher (Attenzione: Versione di sistema operativo minima supportata Windows 7 a 64 bit)\u00a0 e potrai entrare anche tu nel reame di <a href=\"https:\/\/www.zhi.it\/portalnew\/wikizhi\/ambientazione\/regni-e-citta\/\">Sosaria<\/a>.<\/p>\n<h4>Note importanti:<\/h4>\n<ol>\n<li>\n<h4><strong>Controlla che ci sia un\u2019eccezione al tuo antivirus per il launcher di zhi prima di installare. Alcuni antivirus potrebbero vedere non compatibile il gioco con i sistemi operativi pi\u00f9 recenti. E\u2019 normale visto che si tratta di un gioco molto vecchio. Se il Launcher non riesce a connettersi ad internet non pu\u00f2 scaricare e installare i file del gioco e dello <a href=\"https:\/\/www.zhi.it\/portalnew\/wikizhi\/ambientazione\/la-storia-dello-shard-zulu-hotel-italia\/\">shard<\/a> che sono richiesti all\u2019esecuzione.<br \/>\n<\/strong><\/h4>\n<\/li>\n<li>\n<h4><strong>Clicca tasto destro sul file \u201cZulu Hotel Italia\u201d e seleziona \u201cEsegui come amministratore\u201d quando installi il gioco la prima volta.\u00a0\u00a0 \u201cEseguire come amministratore\u201d risolve molto spesso tanti problemi che occorrono in fase di installazione, e garantisce che il client e i file correlati abbiano i privilegi necessari per funzionare e costruire i file di gioco e i profili degli utenti (desktop).<\/strong><\/h4>\n<\/li>\n<\/ol>\n<p>&nbsp;<\/p>\n<h3>Step 1.<\/h3>\n<p>SE POSSIEDI GIA\u2019 UN\u2019INSTALLAZIONE VECCHIA DI ULTIMA ONLINE 2D OPPURE UN\u2019INSTALLAZIONE DI UN VECCHIO PACCHETTO DI ZULU HOTEL ITALIA 7TH AGE BISOGNA EFFETTUARE UNA DISINSTALLAZIONE DEI PACCHETTI ZHI CORRELATI E POI DI ULTIMA ONLINE 2D. UNA VOLTA ESEGUITA QUESTA PROCEDURA, IN QUESTO ESATTO ORDINE, SCARICA IL LAUNCHER TRAMITE IL BOTTONE QUI SOTTO.<\/p>\n<\/div>\n<\/div>\n<\/div>\n<\/div>\n<\/div>\n<\/div>\n<p>\n<a class=\"launcher\" href=\"https:\/\/patch.zhi.it\/AutoPatcher\/PatchClient\" target=\"_blank\" rel=\"noopener\"><\/p>\n<p class=\"bottonelaterale1\">SCARICA ZHI LAUNCHER<\/p>\n<p><\/a><br \/>\n<\/p>\n<div class=\"wpb_wrapper\">\n<div id=\"container-content\">\n<div id=\"content-area_single\">\n<div id=\"news_single\">\n<div class=\"news-post_single\">\n<p>Tasto destro sul file ed \u201cesegui come amministratore\u201d per iniziare l\u2019installazione.<\/p>\n<h3><img loading=\"lazy\" decoding=\"async\" class=\"aligncenter wp-image-6615 size-full\" src=\"https:\/\/www.zhi.it\/portalnew\/wp-content\/uploads\/2021\/11\/install_passo1.png\" sizes=\"auto, (max-width: 696px) 100vw, 696px\" srcset=\"https:\/\/www.zhi.it\/portalnew\/wp-content\/uploads\/2021\/11\/install_passo1.png 696w, https:\/\/www.zhi.it\/portalnew\/wp-content\/uploads\/2021\/11\/install_passo1-300x58.png 300w\" alt=\"\" width=\"696\" height=\"135\" \/><\/h3>\n<p>Per gli utenti con Windows 10, vi si potr\u00e0 aprire una schermata azzurra con la segnalazione PC PROTETTO DA WINDOWS che vedete qui sotto<\/p>\n<\/div>\n<p><img loading=\"lazy\" decoding=\"async\" class=\"wp-image-6616 size-full aligncenter\" src=\"https:\/\/www.zhi.it\/portalnew\/wp-content\/uploads\/2021\/11\/install_passo2.png\" sizes=\"auto, (max-width: 534px) 100vw, 534px\" srcset=\"https:\/\/www.zhi.it\/portalnew\/wp-content\/uploads\/2021\/11\/install_passo2.png 534w, https:\/\/www.zhi.it\/portalnew\/wp-content\/uploads\/2021\/11\/install_passo2-300x281.png 300w\" alt=\"\" width=\"534\" height=\"500\" \/><\/p>\n<p>In questo caso bisogna cliccare con il tasto sinistro la dicitura \u201cUlteriori Informazioni\u201d e vedrete che la schermata azzurra cambier\u00e0 configurazione in questa maniera:<\/p>\n<\/div>\n<\/div>\n<p><img loading=\"lazy\" decoding=\"async\" class=\"aligncenter wp-image-6617 size-full\" src=\"https:\/\/www.zhi.it\/portalnew\/wp-content\/uploads\/2021\/11\/install_passo3.png\" sizes=\"auto, (max-width: 534px) 100vw, 534px\" srcset=\"https:\/\/www.zhi.it\/portalnew\/wp-content\/uploads\/2021\/11\/install_passo3.png 534w, https:\/\/www.zhi.it\/portalnew\/wp-content\/uploads\/2021\/11\/install_passo3-300x281.png 300w\" alt=\"\" width=\"534\" height=\"500\" \/><\/p>\n<p>A questo punto cliccare \u201cESEGUI COMUNQUE\u201d per iniziare l\u2019installazione.<\/p>\n<div id=\"content-area_single\">\n<div id=\"news_single\">\n<div class=\"news-post_single\">\n<h3>Step 2:<\/h3>\n<p>L\u2019installazione avviene autonomamente nella cartella di default \u201cc:\\program files (x86)\\Zulu Hotel Italia). Qualora si voglia cambiare cartella di destinazione rimandiamo al punto \u201cRiposiziona\u201d da eseguire a fine installazione.<\/p>\n<p>Installare il gioco tramite il tasto centrale \u201cInstalla\u201d. Per ovviare a problemi di incompatibilit\u00e0 ti invitiamo ad installare nella cartella predefinita.<\/p>\n<p><strong>Scaricamento dei file di gioco:<\/strong> All\u2019interno del nostro launcher vi sono due operazioni principali: L\u2019installazione dei file del gioco base ultima online 2d e l\u2019aggiornamento dei file personalizzati del nostro shard. L\u2019installazione totale \u00e8 di circa 2gb quindi in base alla tua velocit\u00e0 di connessione il tuo pc dovr\u00e0 prima scaricare i suddetti file e poi installarli.<\/p>\n<p><img loading=\"lazy\" decoding=\"async\" class=\"aligncenter wp-image-6618\" src=\"https:\/\/www.zhi.it\/portalnew\/wp-content\/uploads\/2021\/11\/install_passo4-300x167.png\" sizes=\"auto, (max-width: 500px) 100vw, 500px\" srcset=\"https:\/\/www.zhi.it\/portalnew\/wp-content\/uploads\/2021\/11\/install_passo4-300x167.png 300w, https:\/\/www.zhi.it\/portalnew\/wp-content\/uploads\/2021\/11\/install_passo4-768x427.png 768w, https:\/\/www.zhi.it\/portalnew\/wp-content\/uploads\/2021\/11\/install_passo4-730x406.png 730w, https:\/\/www.zhi.it\/portalnew\/wp-content\/uploads\/2021\/11\/install_passo4.png 994w\" alt=\"\" width=\"500\" height=\"278\" \/><\/p>\n<h3>Step 3:<\/h3>\n<p>Sul tuo desktop ora troverai un collegamento al launcher che ti permette di interagire con l\u2019installazione appena avvenuta e lanciare il gioco rimanendo sempre aggiornato con gli ultimi sviluppi dello shard!<\/p>\n<h3><img loading=\"lazy\" decoding=\"async\" class=\"size-full wp-image-6619 aligncenter\" src=\"https:\/\/www.zhi.it\/portalnew\/wp-content\/uploads\/2021\/11\/install_passo5.png\" alt=\"\" width=\"78\" height=\"84\" \/><\/h3>\n<p>Una volta completata l\u2019installazione non dovrai far altro che premere GIOCA ORA ed effettuare il login per entrare in Sosaria!<\/p>\n<p>\nA questo punto manca l&#8217;ultimo passaggio, la creazione di un account di gioco.<br \/>\n<a class=\"launcher\" href=\"https:\/\/www.zhi.it\/portalnew\/new-account-creator\/\" target=\"_blank\" rel=\"noopener\"><\/p>\n<p class=\"bottonelaterale1\">CREA UN ACCOUNT<\/p>\n<p><\/a><br \/>\nUna volta ultimata la procedura di creazione account, puoi procedere con la rimanente installazione.<\/p>\n<p>Una volta creato il tuo account non devi far altro che confermare l\u2019email di registrazione e autenticarti nella schermata di login del gioco.<\/p>\n<p><img loading=\"lazy\" decoding=\"async\" class=\"aligncenter wp-image-6621 size-full\" src=\"https:\/\/www.zhi.it\/portalnew\/wp-content\/uploads\/2021\/11\/install_passo7.png\" sizes=\"auto, (max-width: 642px) 100vw, 642px\" srcset=\"https:\/\/www.zhi.it\/portalnew\/wp-content\/uploads\/2021\/11\/install_passo7.png 642w, https:\/\/www.zhi.it\/portalnew\/wp-content\/uploads\/2021\/11\/install_passo7-300x239.png 300w\" alt=\"\" width=\"642\" height=\"512\" \/><\/p>\n<h3><strong>NOTE:<\/strong><\/h3>\n<\/div>\n<div class=\"news-post_single\">\n<p>Il nostro Launcher si auto-aggiorna ciclicamente ogni volta che apportiamo delle modifiche al gioco. Poich\u00e8 il nostro <a href=\"https:\/\/www.zhi.it\/portalnew\/wikizhi\/oggetti\/craftabili\/armi\/\">staff<\/a> cerca sempre di fornire un\u2019esperienza di gioco ottimale \u00e8 normale che alcuni file vengano costantemente aggiornati.<\/p>\n<h3>Descrizione del menu opzioni del Launcher:<\/h3>\n<h3><img loading=\"lazy\" decoding=\"async\" class=\"wp-image-6622 size-large aligncenter\" src=\"https:\/\/www.zhi.it\/portalnew\/wp-content\/uploads\/2021\/11\/install_passo8-1024x574.png\" sizes=\"auto, (max-width: 1024px) 100vw, 1024px\" srcset=\"https:\/\/www.zhi.it\/portalnew\/wp-content\/uploads\/2021\/11\/install_passo8-1024x574.png 1024w, https:\/\/www.zhi.it\/portalnew\/wp-content\/uploads\/2021\/11\/install_passo8-300x168.png 300w, https:\/\/www.zhi.it\/portalnew\/wp-content\/uploads\/2021\/11\/install_passo8-768x431.png 768w, https:\/\/www.zhi.it\/portalnew\/wp-content\/uploads\/2021\/11\/install_passo8-730x409.png 730w, https:\/\/www.zhi.it\/portalnew\/wp-content\/uploads\/2021\/11\/install_passo8-615x344.png 615w, https:\/\/www.zhi.it\/portalnew\/wp-content\/uploads\/2021\/11\/install_passo8.png 1116w\" alt=\"\" width=\"1024\" height=\"574\" \/><\/h3>\n<p>&nbsp;<\/p>\n<table>\n<tbody>\n<tr>\n<td><strong>Website<\/strong><\/td>\n<td>Collegamento al nostro sito<\/td>\n<\/tr>\n<tr>\n<td><strong>Discord<\/strong><\/td>\n<td>Collegamento al nostro canale discord ufficiale<\/td>\n<\/tr>\n<tr>\n<td><strong>Verify<\/strong><\/td>\n<td>Verifica che l\u2019installazione abbia tutti i files aggiornati per il nostro shard<\/td>\n<\/tr>\n<tr>\n<td><strong>Logs<\/strong><\/td>\n<td>Visualizza i log del launcher identificando eventuali problemi<\/td>\n<\/tr>\n<tr>\n<td><strong>Relocate<\/strong><\/td>\n<td>Permette di spostare la directory di installazione in un altro percorso&nbsp;<\/p>\n<p>NB. per scelta tecnica l\u2019installazione di Zulu Hotel Italia non potr\u00e0 essere in una cartella differente da Zulu Hotel Italia<br \/>\nSe per esempio volessi installare in d:\\giochi\\ultima online -&gt; la directory finale sar\u00e0 d:\\giochi\\ultima online\\Zulu Hotel Italia<\/td>\n<\/tr>\n<tr>\n<td>ICONA INGRANAGGIO<\/td>\n<td>Impostazioni del Launcher<\/td>\n<\/tr>\n<\/tbody>\n<\/table>\n<h3><strong>Aiuto!\u00a0<\/strong><\/h3>\n<p>Se hai incontrato alcuni problemi non esitare a scrivere sul nostro <a href=\"https:\/\/www.zhi.it\/portalnew\/forum\/\">forum<\/a> dopo aver creato un account e scrivi nella sezione Bug e Problemi, in alternativa puoi anche cercare aiuto all\u2019interno del nostro canale discord ufficiale.<\/p>\n<\/div>\n<\/div>\n<\/div>\n<\/div>\n<\/div>\n","protected":false},"excerpt":{"rendered":"<p>Installare Zulu Hotel Italia Benvenuto in Zulu Hotel Italia! Per poter effettuare l\u2019accesso e giocare bisogna semplicemente scaricare il nostro launcher (Attenzione: Versione di sistema operativo minima supportata Windows 7 a 64 bit)\u00a0 e potrai entrare anche tu nel reame di Sosaria. Note importanti: Controlla che ci sia un\u2019eccezione al tuo antivirus per il launcher [&hellip;]<\/p>\n","protected":false},"author":2,"featured_media":990,"parent":264,"menu_order":0,"comment_status":"closed","ping_status":"closed","template":"","meta":{"inline_featured_image":false,"footnotes":""},"class_list":["post-727","page","type-page","status-publish","has-post-thumbnail","czr-hentry"],"yoast_head":"<!-- This site is optimized with the Yoast SEO plugin v27.6 - https:\/\/yoast.com\/product\/yoast-seo-wordpress\/ -->\n<title>Scarica i File e Gioca - Zulu Hotel Italia<\/title>\n<meta name=\"robots\" content=\"index, follow, max-snippet:-1, max-image-preview:large, max-video-preview:-1\" \/>\n<link rel=\"canonical\" href=\"https:\/\/www.zhi.it\/portalnew\/inizia-a-giocare\/download-e-guida\/\" \/>\n<meta property=\"og:locale\" content=\"it_IT\" \/>\n<meta property=\"og:type\" content=\"article\" \/>\n<meta property=\"og:title\" content=\"Scarica i File e Gioca - Zulu Hotel Italia\" \/>\n<meta property=\"og:description\" content=\"Installare Zulu Hotel Italia Benvenuto in Zulu Hotel Italia! Per poter effettuare l\u2019accesso e giocare bisogna semplicemente scaricare il nostro launcher (Attenzione: Versione di sistema operativo minima supportata Windows 7 a 64 bit)\u00a0 e potrai entrare anche tu nel reame di Sosaria. Note importanti: Controlla che ci sia un\u2019eccezione al tuo antivirus per il launcher [&hellip;]\" \/>\n<meta property=\"og:url\" content=\"https:\/\/www.zhi.it\/portalnew\/inizia-a-giocare\/download-e-guida\/\" \/>\n<meta property=\"og:site_name\" content=\"Zulu Hotel Italia\" \/>\n<meta property=\"article:modified_time\" content=\"2025-02-13T10:25:39+00:00\" \/>\n<meta property=\"og:image\" content=\"https:\/\/www.zhi.it\/portalnew\/wp-content\/uploads\/site_image\/fail_img_evidenza.jpg\" \/>\n\t<meta property=\"og:image:width\" content=\"2292\" \/>\n\t<meta property=\"og:image:height\" content=\"2134\" \/>\n\t<meta property=\"og:image:type\" content=\"image\/jpeg\" \/>\n<meta name=\"twitter:card\" content=\"summary_large_image\" \/>\n<meta name=\"twitter:label1\" content=\"Tempo di lettura stimato\" \/>\n\t<meta name=\"twitter:data1\" content=\"6 minuti\" \/>\n<script type=\"application\/ld+json\" class=\"yoast-schema-graph\">{\"@context\":\"https:\\\/\\\/schema.org\",\"@graph\":[{\"@type\":\"WebPage\",\"@id\":\"https:\\\/\\\/www.zhi.it\\\/portalnew\\\/inizia-a-giocare\\\/download-e-guida\\\/\",\"url\":\"https:\\\/\\\/www.zhi.it\\\/portalnew\\\/inizia-a-giocare\\\/download-e-guida\\\/\",\"name\":\"Scarica i File e Gioca - Zulu Hotel Italia\",\"isPartOf\":{\"@id\":\"https:\\\/\\\/www.zhi.it\\\/portalnew\\\/#website\"},\"primaryImageOfPage\":{\"@id\":\"https:\\\/\\\/www.zhi.it\\\/portalnew\\\/inizia-a-giocare\\\/download-e-guida\\\/#primaryimage\"},\"image\":{\"@id\":\"https:\\\/\\\/www.zhi.it\\\/portalnew\\\/inizia-a-giocare\\\/download-e-guida\\\/#primaryimage\"},\"thumbnailUrl\":\"https:\\\/\\\/www.zhi.it\\\/portalnew\\\/wp-content\\\/uploads\\\/site_image\\\/fail_img_evidenza.jpg\",\"datePublished\":\"2016-07-11T15:23:24+00:00\",\"dateModified\":\"2025-02-13T10:25:39+00:00\",\"breadcrumb\":{\"@id\":\"https:\\\/\\\/www.zhi.it\\\/portalnew\\\/inizia-a-giocare\\\/download-e-guida\\\/#breadcrumb\"},\"inLanguage\":\"it-IT\",\"potentialAction\":[{\"@type\":\"ReadAction\",\"target\":[\"https:\\\/\\\/www.zhi.it\\\/portalnew\\\/inizia-a-giocare\\\/download-e-guida\\\/\"]}]},{\"@type\":\"ImageObject\",\"inLanguage\":\"it-IT\",\"@id\":\"https:\\\/\\\/www.zhi.it\\\/portalnew\\\/inizia-a-giocare\\\/download-e-guida\\\/#primaryimage\",\"url\":\"https:\\\/\\\/www.zhi.it\\\/portalnew\\\/wp-content\\\/uploads\\\/site_image\\\/fail_img_evidenza.jpg\",\"contentUrl\":\"https:\\\/\\\/www.zhi.it\\\/portalnew\\\/wp-content\\\/uploads\\\/site_image\\\/fail_img_evidenza.jpg\",\"width\":2292,\"height\":2134},{\"@type\":\"BreadcrumbList\",\"@id\":\"https:\\\/\\\/www.zhi.it\\\/portalnew\\\/inizia-a-giocare\\\/download-e-guida\\\/#breadcrumb\",\"itemListElement\":[{\"@type\":\"ListItem\",\"position\":1,\"name\":\"Home\",\"item\":\"https:\\\/\\\/www.zhi.it\\\/portalnew\\\/\"},{\"@type\":\"ListItem\",\"position\":2,\"name\":\"Inizia a giocare\",\"item\":\"https:\\\/\\\/www.zhi.it\\\/portalnew\\\/inizia-a-giocare\\\/\"},{\"@type\":\"ListItem\",\"position\":3,\"name\":\"Scarica i File e Gioca\"}]},{\"@type\":\"WebSite\",\"@id\":\"https:\\\/\\\/www.zhi.it\\\/portalnew\\\/#website\",\"url\":\"https:\\\/\\\/www.zhi.it\\\/portalnew\\\/\",\"name\":\"Zulu Hotel Italia\",\"description\":\"\",\"publisher\":{\"@id\":\"https:\\\/\\\/www.zhi.it\\\/portalnew\\\/#organization\"},\"potentialAction\":[{\"@type\":\"SearchAction\",\"target\":{\"@type\":\"EntryPoint\",\"urlTemplate\":\"https:\\\/\\\/www.zhi.it\\\/portalnew\\\/?s={search_term_string}\"},\"query-input\":{\"@type\":\"PropertyValueSpecification\",\"valueRequired\":true,\"valueName\":\"search_term_string\"}}],\"inLanguage\":\"it-IT\"},{\"@type\":\"Organization\",\"@id\":\"https:\\\/\\\/www.zhi.it\\\/portalnew\\\/#organization\",\"name\":\"Zulu Hotel Italia\",\"url\":\"https:\\\/\\\/www.zhi.it\\\/portalnew\\\/\",\"logo\":{\"@type\":\"ImageObject\",\"inLanguage\":\"it-IT\",\"@id\":\"https:\\\/\\\/www.zhi.it\\\/portalnew\\\/#\\\/schema\\\/logo\\\/image\\\/\",\"url\":\"https:\\\/\\\/www.zhi.it\\\/portalnew\\\/wp-content\\\/uploads\\\/2018\\\/09\\\/cropped-zhi-logo-colorato.png\",\"contentUrl\":\"https:\\\/\\\/www.zhi.it\\\/portalnew\\\/wp-content\\\/uploads\\\/2018\\\/09\\\/cropped-zhi-logo-colorato.png\",\"width\":325,\"height\":325,\"caption\":\"Zulu Hotel Italia\"},\"image\":{\"@id\":\"https:\\\/\\\/www.zhi.it\\\/portalnew\\\/#\\\/schema\\\/logo\\\/image\\\/\"}}]}<\/script>\n<!-- \/ Yoast SEO plugin. -->","yoast_head_json":{"title":"Scarica i File e Gioca - Zulu Hotel Italia","robots":{"index":"index","follow":"follow","max-snippet":"max-snippet:-1","max-image-preview":"max-image-preview:large","max-video-preview":"max-video-preview:-1"},"canonical":"https:\/\/www.zhi.it\/portalnew\/inizia-a-giocare\/download-e-guida\/","og_locale":"it_IT","og_type":"article","og_title":"Scarica i File e Gioca - Zulu Hotel Italia","og_description":"Installare Zulu Hotel Italia Benvenuto in Zulu Hotel Italia! Per poter effettuare l\u2019accesso e giocare bisogna semplicemente scaricare il nostro launcher (Attenzione: Versione di sistema operativo minima supportata Windows 7 a 64 bit)\u00a0 e potrai entrare anche tu nel reame di Sosaria. Note importanti: Controlla che ci sia un\u2019eccezione al tuo antivirus per il launcher [&hellip;]","og_url":"https:\/\/www.zhi.it\/portalnew\/inizia-a-giocare\/download-e-guida\/","og_site_name":"Zulu Hotel Italia","article_modified_time":"2025-02-13T10:25:39+00:00","og_image":[{"width":2292,"height":2134,"url":"https:\/\/www.zhi.it\/portalnew\/wp-content\/uploads\/site_image\/fail_img_evidenza.jpg","type":"image\/jpeg"}],"twitter_card":"summary_large_image","twitter_misc":{"Tempo di lettura stimato":"6 minuti"},"schema":{"@context":"https:\/\/schema.org","@graph":[{"@type":"WebPage","@id":"https:\/\/www.zhi.it\/portalnew\/inizia-a-giocare\/download-e-guida\/","url":"https:\/\/www.zhi.it\/portalnew\/inizia-a-giocare\/download-e-guida\/","name":"Scarica i File e Gioca - Zulu Hotel Italia","isPartOf":{"@id":"https:\/\/www.zhi.it\/portalnew\/#website"},"primaryImageOfPage":{"@id":"https:\/\/www.zhi.it\/portalnew\/inizia-a-giocare\/download-e-guida\/#primaryimage"},"image":{"@id":"https:\/\/www.zhi.it\/portalnew\/inizia-a-giocare\/download-e-guida\/#primaryimage"},"thumbnailUrl":"https:\/\/www.zhi.it\/portalnew\/wp-content\/uploads\/site_image\/fail_img_evidenza.jpg","datePublished":"2016-07-11T15:23:24+00:00","dateModified":"2025-02-13T10:25:39+00:00","breadcrumb":{"@id":"https:\/\/www.zhi.it\/portalnew\/inizia-a-giocare\/download-e-guida\/#breadcrumb"},"inLanguage":"it-IT","potentialAction":[{"@type":"ReadAction","target":["https:\/\/www.zhi.it\/portalnew\/inizia-a-giocare\/download-e-guida\/"]}]},{"@type":"ImageObject","inLanguage":"it-IT","@id":"https:\/\/www.zhi.it\/portalnew\/inizia-a-giocare\/download-e-guida\/#primaryimage","url":"https:\/\/www.zhi.it\/portalnew\/wp-content\/uploads\/site_image\/fail_img_evidenza.jpg","contentUrl":"https:\/\/www.zhi.it\/portalnew\/wp-content\/uploads\/site_image\/fail_img_evidenza.jpg","width":2292,"height":2134},{"@type":"BreadcrumbList","@id":"https:\/\/www.zhi.it\/portalnew\/inizia-a-giocare\/download-e-guida\/#breadcrumb","itemListElement":[{"@type":"ListItem","position":1,"name":"Home","item":"https:\/\/www.zhi.it\/portalnew\/"},{"@type":"ListItem","position":2,"name":"Inizia a giocare","item":"https:\/\/www.zhi.it\/portalnew\/inizia-a-giocare\/"},{"@type":"ListItem","position":3,"name":"Scarica i File e Gioca"}]},{"@type":"WebSite","@id":"https:\/\/www.zhi.it\/portalnew\/#website","url":"https:\/\/www.zhi.it\/portalnew\/","name":"Zulu Hotel Italia","description":"","publisher":{"@id":"https:\/\/www.zhi.it\/portalnew\/#organization"},"potentialAction":[{"@type":"SearchAction","target":{"@type":"EntryPoint","urlTemplate":"https:\/\/www.zhi.it\/portalnew\/?s={search_term_string}"},"query-input":{"@type":"PropertyValueSpecification","valueRequired":true,"valueName":"search_term_string"}}],"inLanguage":"it-IT"},{"@type":"Organization","@id":"https:\/\/www.zhi.it\/portalnew\/#organization","name":"Zulu Hotel Italia","url":"https:\/\/www.zhi.it\/portalnew\/","logo":{"@type":"ImageObject","inLanguage":"it-IT","@id":"https:\/\/www.zhi.it\/portalnew\/#\/schema\/logo\/image\/","url":"https:\/\/www.zhi.it\/portalnew\/wp-content\/uploads\/2018\/09\/cropped-zhi-logo-colorato.png","contentUrl":"https:\/\/www.zhi.it\/portalnew\/wp-content\/uploads\/2018\/09\/cropped-zhi-logo-colorato.png","width":325,"height":325,"caption":"Zulu Hotel Italia"},"image":{"@id":"https:\/\/www.zhi.it\/portalnew\/#\/schema\/logo\/image\/"}}]}},"_links":{"self":[{"href":"https:\/\/www.zhi.it\/portalnew\/wp-json\/wp\/v2\/pages\/727","targetHints":{"allow":["GET"]}}],"collection":[{"href":"https:\/\/www.zhi.it\/portalnew\/wp-json\/wp\/v2\/pages"}],"about":[{"href":"https:\/\/www.zhi.it\/portalnew\/wp-json\/wp\/v2\/types\/page"}],"author":[{"embeddable":true,"href":"https:\/\/www.zhi.it\/portalnew\/wp-json\/wp\/v2\/users\/2"}],"replies":[{"embeddable":true,"href":"https:\/\/www.zhi.it\/portalnew\/wp-json\/wp\/v2\/comments?post=727"}],"version-history":[{"count":27,"href":"https:\/\/www.zhi.it\/portalnew\/wp-json\/wp\/v2\/pages\/727\/revisions"}],"predecessor-version":[{"id":6570,"href":"https:\/\/www.zhi.it\/portalnew\/wp-json\/wp\/v2\/pages\/727\/revisions\/6570"}],"up":[{"embeddable":true,"href":"https:\/\/www.zhi.it\/portalnew\/wp-json\/wp\/v2\/pages\/264"}],"wp:featuredmedia":[{"embeddable":true,"href":"https:\/\/www.zhi.it\/portalnew\/wp-json\/wp\/v2\/media\/990"}],"wp:attachment":[{"href":"https:\/\/www.zhi.it\/portalnew\/wp-json\/wp\/v2\/media?parent=727"}],"curies":[{"name":"wp","href":"https:\/\/api.w.org\/{rel}","templated":true}]}}